t the prime factors of 4480.
2, 5, 7
What are the prime factors of 11506?
2, 11, 523
What are the prime factors of 477?
3, 53
List the prime factors of 575.
5, 23
List the prime factors of 13325.
5, 13, 41
What are the prime factors of 3876?
2, 3, 17, 19
What are the prime factors of 3260?
2, 5, 163
What are the prime factors of 10006?
2, 5003
List the prime factors of 2129.
2129
What are the prime factors of 10820?
2, 5, 541
What are the prime factors of 28762?
2, 73, 197
List the prime factors of 9479.
9479
List the prime factors of 40357.
40357
List the prime factors of 2981.
11, 271
What are the prime factors of 6095?
5, 23, 53
What are the prime factors of 2256?
2, 3, 47
What are the prime factors of 499?
499
List the prime factors of 27545.
5, 7, 787
List the prime factors of 1025.
5, 41
What are the prime factors of 1657?
1657
List the prime factors of 76995.
3, 5, 29, 59
List the prime factors of 972.
2, 3
What are the prime factors of 22059?
3, 19, 43
What are the prime factors of 23287?
11, 29, 73
List the prime factors of 71788.
2, 131, 137
What are the prime factors of 3571?
3571
What are the prime factors of 765?
3, 5, 17
What are the prime factors of 2326?
2, 1163
List the prime factors of 757.
757
What are the prime factors of 2713?
2713
What are the prime factors of 51564?
2, 3, 4297
What are the prime factors of 107063?
11, 9733
What are the prime factors of 1315?
5, 263
List the prime factors of 11670.
2, 3, 5, 389
List the prime factors of 29991.
3, 13, 769
What are the prime factors of 7883?
7883
List the prime factors of 145080.
2, 3, 5, 13, 31
What are the prime factors of 221?
13, 17
What are the prime factors of 26173?
7, 3739
What are the prime factors of 76858?
2, 83, 463
List the prime factors of 58490.
2, 5, 5849
List the prime factors of 1664.
2, 13
List the prime factors of 758.
2, 379
What are the prime factors of 695?
5, 139
What are the prime factors of 3058?
2, 11, 139
List the prime factors of 1912.
2, 239
What are the prime factors of 3973?
29, 137
What are the prime factors of 1350?
2, 3, 5
What are the prime factors of 1735?
5, 347
List the prime factors of 1629.
3, 181
What are the prime factors of 1757?
7, 251
What are the prime factors of 1363?
29, 47
What are the prime factors of 1261?
13, 97
List the prime factors of 62060.
2, 5, 29, 107
What are the prime factors of 5017?
29, 173
What are the prime factors of 935?
5, 11, 17
List the prime factors of 11488.
2, 359
What are the prime factors of 8513?
8513
List the prime factors of 7545.
3, 5, 503
What are the prime factors of 15129?
3, 41
What are the prime factors of 17772?
2, 3, 1481
What are the prime factors of 757?
757
List the prime factors of 7998.
2, 3, 31, 43
What are the prime factors of 1387?
19, 73
What are the prime factors of 2981?
11, 271
List the prime factors of 2006.
2, 17, 59
What are the prime factors of 2430?
2, 3, 5
List the prime factors of 5017.
29, 173
List the prime factors of 3583.
3583
What are the prime factors of 51218?
2, 25609
What are the prime factors of 135255?
3, 5, 71, 127
List the prime factors of 12697.
12697
List the prime factors of 10539.
3, 1171
List the prime factors of 1883.
7, 269
What are the prime factors of 19299?
3, 7, 919
What are the prime factors of 3602?
2, 1801
What are the prime factors of 14141?
79, 179
List the prime factors of 341.
11, 31
What are the prime factors of 5018?
2, 13, 193
What are the prime factors of 1315?
5, 263
List the prime factors of 4786.
2, 2393
What are the prime factors of 24229?
24229
What are the prime factors of 2386?
2, 1193
What are the prime factors of 17062?
2, 19, 449
What are the prime factors of 28132?
2, 13, 541
List the prime factors of 158480.
2, 5, 7, 283
What are the prime factors of 7833?
3, 7, 373
What are the prime factors of 120922?
2, 103, 587
List the prime factors of 11623.
59, 197
List the prime factors of 2468.
2, 617
List the prime factors of 37226.
2, 7, 2659
What are the prime factors of 14536?
2, 23, 79
List the prime factors of 4945.
5, 23, 43
List the prime factors of 539.
7, 11
What are the prime factors of 49981?
151, 331
List the prime factors of 20013.
3, 7, 953
What are the prime factors of 370?
2, 5, 37
What are the prime factors of 6538?
2, 7, 467
What are the prime factors of 2886?
2, 3, 13, 37
What are the prime factors of 11573?
71, 163
List the prime factors of 18663.
3, 6221
What are the prime factors of 52725?
3, 5, 19, 37
List the prime factors of 6138.
2, 3, 11, 31
What are the prime factors of 3609?
3, 401
List the prime factors of 7541.
7541
What are the prime factors of 28633?
11, 19, 137
List the prime factors of 1287.
3, 11, 13
List the prime factors of 2168.
2, 271
What are the prime factors of 18538?
2, 13, 23, 31
List the prime factors of 17263.
61, 283
List the prime factors of 1030.
2, 5, 103
What are the prime factors of 14319?
3, 37, 43
What are the prime factors of 5921?
31, 191
List the prime factors of 177421.
177421
List the prime factors of 654.
2, 3, 109
What are the prime factors of 6032?
2, 13, 29
What are the prime factors of 16676?
2, 11, 379
What are the prime factors of 807?
3, 269
List the prime factors of 24912.
2, 3, 173
List the prime factors of 475.
5, 19
List the prime factors of 25795.
5, 7, 11, 67
List the prime factors of 88153.
13, 6781
What are the prime factors of 3004?
2, 751
What are the prime factors of 4089?
3, 29, 47
What are the prime factors of 67925?
5, 11, 13, 19
What are the prime factors of 17872?
2, 1117
List the prime factors of 3031.
7, 433
What are the prime factors of 4589?
13, 353
List the prime factors of 3960.
2, 3, 5, 11
What are the prime factors of 146216?
2, 7, 373
List the prime factors of 1649.
17, 97
List the prime factors of 4458.
2, 3, 743
List the prime factors of 135016.
2, 7, 2411
List the prime factors of 1920.
2, 3, 5
What are the prime factors of 382?
2, 191
What are the prime factors of 21201?
3, 37, 191
List the prime factors of 1216.
2, 19
What are the prime factors of 11673?
3, 1297
List the prime factors of 4.
2
What are the prime factors of 58819?
131, 449
List the prime factors of 1270.
2, 5, 127
List the prime factors of 6784.
2, 53
List the prime factors of 2806.
2, 23, 61
List the prime factors of 158.
2, 79
What are the prime factors of 11944?
2, 1493
What are the prime factors of 98230?
2, 5, 11, 19, 47
What are the prime factors of 396?
2, 3, 11
What are the prime factors of 1113?
3, 7, 53
List the prime factors of 1692.
2, 3, 47
List the prime factors of 110.
2, 5, 11
What are the prime factors of 927?
3, 103
What are the prime factors of 561?
3, 11, 17
What are the prime factors of 508?
2, 127
List the prime factors of 3945.
3, 5, 263
What are the prime factors of 2762?
2, 1381
List the prime factors of 19362.
2, 3, 7, 461
List the prime factors of 169.
13
List the prime factors of 8206.
2, 11, 373
What are the prime factors of 2519?
11, 229
List the prime factors of 10367.
7, 1481
What are the prime factors of 1956?
2, 3, 163
What are the prime factors of 4823?
7, 13, 53
What are the prime factors of 6405?
3, 5, 7, 61
What are the prime factors of 6748?
2, 7, 241
What are the prime factors of 506?
2, 11, 23
List the prime factors of 45842.
2, 22921
What are the prime factors of 3032?
2, 379
What are the prime factors of 99449?
7, 14207
List the prime factors of 5013.
3, 557
What are the prime factors of 28603?
28603
What are the prime factors of 36526?
2, 7, 2609
List the prime factors of 721.
7, 103
List the prime factors of 33510.
2, 3, 5, 1117
What are the prime factors of 44914?
2, 17, 1321
List the prime factors of 482.
2, 241
What are the prime factors of 2978?
2, 1489
What are the prime factors of 86821?
7, 79, 157
List the prime factors of 2244.
2, 3, 11, 17
What are the prime factors of 86052?
2, 3, 71, 101
What are the prime factors of 35357?
7, 5051
What are the prime factors of 887?
887
List the prime factors of 63555.
3, 5, 19, 223
What are the prime factors of 2820?
2, 3, 5, 47
What are the prime factors of 1329?
3, 443
What are the prime factors of 14216?
2, 1777
List the prime factors of 105697.
19, 5563
What are the prime factors of 1578?
2, 3, 263
List the prime factors of 5708.
2, 1427
What are the prime factors of 8713